. Suppose -5*w = 4*u - 43, w - 3*u + 2 = n. Calculate the highest common divisor of w and 77.
7
Let t be 6/(-6) + 2/1. Let a(r) = -5*r**2 + 4*r**2 + 19*r**3 - r**2 + t - 8*r**3. Let c be a(1). What is the highest common divisor of c and 90?
10
Let y(u) = -89*u**3 + 2*u**2 + u. Let p be y(-1). Let n(i) = 35*i - 25. Let f be n(1). What is the highest common factor of p and f?
10
Suppose 3*f = 3*s - 0*f - 36, -3*f = -4*s + 44. Suppose -90 = 3*p - s*p. Let z = 16 - 10. Calculate the highest common factor of z and p.
6
Let t = -40 + 75. Let u = 11 - 6. What is the greatest common divisor of u and t?
5
Let d(y) = -31*y + 23. Let l be d(-8). Let q = l + -128. What is the greatest common divisor of q and 13?
13
Let z = 433 - 352. What is the highest common divisor of z and 891?
81
Suppose 0 = -9*k + 6*k + 372. Suppose 5*b = 2*x + k, 0 = x - 4*b + 3*b + 68. Let z be (-2 - (0 - 1))*x. What is the greatest common divisor of 36 and z?
36
Let n be 3/2*(-48)/(-18). Let z be (108/8)/(2/n). Calculate the greatest common factor of 3 and z.
3
Suppose 0 = 2*i + 4, -3*i + i = 2*n - 1012. Let g = n + -277. What is the highest common factor of 21 and g?
21
Suppose -5*j + 3*j = -6. Suppose -5*u = -2*p - 24, j*u + 14 = 6*u - p. What is the highest common factor of 12 and u?
4
Suppose -51*u = -65*u + 1512. Calculate the greatest common factor of u and 240.
12
Suppose -4*j + 738 = -4*y + 2*y, 0 = j - 4*y - 188. Suppose 4*v - 12*v + j = 0. Calculate the highest common factor of v and 46.
23
Suppose 2*m = 2*k - 3*m - 8, 5*k = -5*m - 50. Let t be 20 - ((-14)/(-6) + (-4)/k). What is the highest common divisor of 34 and t?
17
Let u = 239 - -749. Calculate the greatest common divisor of u and 152.
76
Let t be 105/30*2 - (-7428)/2. Calculate the greatest common factor of t and 61.
61
Suppose 4*d + 10 - 42 = 3*q, -4*d = 5*q. Let m be 39 + 0 - 1/(-1). Suppose m = 2*s + 2*s. Calculate the highest common divisor of s and d.
5
Let l = -7 - -25. Let k = 34 + -34. Suppose y - 7 = -s + 3, 2*y - 8 = k. Calculate the highest common factor of l and s.
6
Suppose 2*g - 5286 = 3*q, -16*g - 3*q - 7926 = -19*g. Calculate the greatest common divisor of 10 and g.
10
Let r(w) = -w**2 + 7*w + 162. Let n be r(-8). What is the greatest common divisor of n and 441?
21
Let h be 4/34 + 5/(1615/39368). What is the greatest common divisor of 1342 and h?
122
Let l = 200 - 56. Let f be 64/6*(-2 + 5). Suppose -b + 16 = -d, -4*b + f = -2*b - d. What is the highest common divisor of b and l?
16
Suppose -8910 = -91*j + 25*j. What is the highest common factor of j and 360?
45
Let d = -1798 + 1889. Calculate the greatest common divisor of d and 65.
13
Suppose g - 68 = 3*i, -i - 8 = -5*g + 10. Let w = i + 27. What is the highest common divisor of w and 6?
2
Suppose -2*b + 5*j = -39, -3*j + 2*j - 33 = -4*b. Let g = 4 - 6. Let q be 23 + g/(-2) + 4. What is the highest common divisor of b and q?
7
Let p(x) = -3*x**2 + 3*x + 5. Let s(t) = -12*t**2 + 11*t + 20. Let h(q) = -9*p(q) + 2*s(q). Let d be h(-2). What is the highest common factor of d and 187?
17
Suppose d - 2 = 1. Let q = 1 - d. Let y be (1/q)/((-2)/12). What is the highest common divisor of 9 and y?
3
Let n(s) = s**2 + s + 3 + 3 + 6 - 5*s. Let z be n(4). What is the greatest common factor of 36 and z?
12
Let o be (1 - -12) + 1 + 1. Let z = -6 - -10. Suppose -z*p = b - 116, 3*b - p - 364 = 3*p. What is the highest common divisor of b and o?
15
Let h(s) = s**2 + 18*s + 22. Let a be h(-18). Suppose -5*i + 2*n = -41, -2*i + 0*n + a = 2*n. Calculate the greatest common divisor of 2 and i.
1
Let d be (14/3)/(5/15). What is the greatest common factor of d and 63?
7
Suppose -j + 61 = 3*y, -2*j - 38 = 2*y - 4*y. Let z = 11 + -6. Calculate the greatest common factor of y and z.
5
Let d be (32/(-6))/((-3)/9). Suppose -2*m + 2*t + 54 = 0, -3*m - t = -2*t - 91. Calculate the highest common divisor of m and d.
16
Let k(s) = -s + 148. Let y be k(-23). What is the highest common factor of y and 19?
19
Let y be (295/20 + -1)/((-2)/(-8)). Calculate the highest common divisor of y and 25.
5
Let j(r) be the second derivative of -r**4/12 + 8*r**3/3 - 7*r**2/2 - 3*r. Let n be j(11). Let t = 29 - 17. Calculate the greatest common factor of t and n.
12
Let f = 201 + -161. What is the greatest common factor of f and 64?
8
Let b be 6*(77/(-21) - -5). Calculate the greatest common factor of b and 20.
4
Let j = -673 + 2145. What is the greatest common factor of j and 46?
46
Let j(z) = 4*z**2 - 4*z - 42. Let o be j(-6). What is the greatest common divisor of o and 63?
63
Let k be 0/(-4) + 9 + -1. Suppose 0*u + 2*u = 5*l - 36, -20 = -3*l + 2*u. Calculate the greatest common divisor of k and l.
8
Let n = -2161 + 2191. Calculate the greatest common factor of 12 and n.
6
Let h = 60 - 72. Let l = h - -38. What is the highest common divisor of l and 234?
26
Let f(x) = x**2 + 3*x - 4. Suppose -1 = -a - 5. Let k be f(a). Suppose k = 4*m - 30 - 6. What is the greatest common divisor of m and 72?
9
Suppose -4*b + 4*g + 412 = 0, 5*b + 3*g - 521 = 2*g. Let n = 115 - b. What is the greatest common factor of n and 33?
11
Let j(k) = -8*k**3 - 2*k**2 - 2*k. Let l be j(-1). What is the highest common divisor of 264 and l?
8
Suppose 8*o - 9*o + 48 = 0. Calculate the greatest common factor of 84 and o.
12
Let k = -415 + 471. Let x(m) = m**2 - 12*m - 20. Let r be x(14). Calculate the highest common divisor of k and r.
8
Let f = 657 - 646. Calculate the highest common factor of f and 319.
11
Let s be (42/15)/(((-12)/(-10))/6). Let y be 1600/280*s/4. Suppose -5*m - 52 = -2*t - m, -4*t = -m - 83. What is the greatest common divisor of t and y?
20
Suppose 2*k + 6 = v - 4*v, 0 = 2*k + 6. Suppose 2*c + 0*c - 224 = v. Suppose -20*m + 97 + 223 = 0. What is the highest common divisor of c and m?
16
Let m(g) = -17*g**2 - 2*g - 1. Let z be m(-1). Let j be 5/(10/44)*(-1)/(-1). Let i = z + j. Calculate the highest common divisor of i and 54.
6
Let n(c) be the first derivative of -c**3/3 - 3*c**2 + 1. Let v be n(-3). Suppose v = j + 4. Calculate the greatest common factor of j and 2.
1
Let f(p) = p + 6. Let r be f(4). Calculate the highest common divisor of 410 and r.
10
Let m be 4 - 0 - (270/(-5) + 16). Let n be (-1345)/(-4) + 10/(-40). What is the greatest common factor of n and m?
42
Suppose -3*g - 9 + 63 = 0. Let a be g/(-45) - 64/(-10). What is the greatest common factor of a and 9?
3
Let b = -28 + 5. Suppose -2*h + 68 = -5*d + 7*d, 0 = -4*h - d + 151. Let f = h + b. Calculate the greatest common divisor of 48 and f.
16
Let p(y) = -4*y - 13. Let t be p(-9). Let x = -63 - -224. Calculate the highest common divisor of t and x.
23
Let y be (-10)/25*-2 + (-72)/(-10). What is the greatest common divisor of y and 1?
1
Suppose 3*h + 2*k - 26 = 0, 4*h - 5*k = -0*h + 50. Let j = 2636 - 2591. Calculate the highest common divisor of j and h.
5
Let k(o) = o**2 - 5*o - 95. Let d be k(-8). Calculate the greatest common divisor of 33 and d.
3
Suppose 68*q - 3308 = -1132. Suppose 4*j = -4*w + 652, -4*w + 4*j + 201 = -427. What is the highest common factor of q and w?
32
Let z(w) = 2*w**2 - 7*w - 10. Let o be z(8). Suppose 0 = -9*a + 7*a + 84. Let l = 73 - a. What is the highest common divisor of l and o?
31
Suppose 155*h - 850 = 138*h. What is the greatest common divisor of 50 and h?
50
Let n(l) = -l**2 - 2*l + 5. Let x be n(-3). Suppose -5*m = -x*b - 138, -5*m + 139 = b - 2*b. Let z = -6 - -13. What is the highest common factor of z and m?
7
Suppose -5*h = k - 19, -12 + 3 = -3*h. Calculate the greatest common divisor of k and 68.
4
Suppose 0*q = -2*q - 4. Let s be ((-10)/(-15))/(q/(-111)). Suppose -3*a + 2*a = -5*b + 100, -2*b + s = -a. Calculate the highest common divisor of 189 and b.
21
Suppose -2*k - 2*x = -20, -4*k - 4 + 39 = 5*x. Suppose -r = -6*r - k. Let f be (-1 - 0)*r - 1. Calculate the highest common factor of f and 5.
1
Let u(f) = 2*f**2 + 39*f + 23. Let p be u(-19). Let s be p/(40/(-15))*-4. What is the greatest common divisor of 9 and s?
3
Let u = 55 - 43. Calculate the highest common factor of u and 27.
3
Let f = 95 - 20. Calculate the greatest common factor of f and 125.
25
Suppose 0 = -9*z + 11*z - 40. What is the greatest common divisor of 130 and z?
10
Let s be 45 + -1 + 11 + -8. Let h = s + -11. Suppos